What is the remainder when z(2) is divided by n?
11
Suppose 2*d - 10 = -4*g, 5*d - d + 28 = 4*g. Let j = d - -6. What is the remainder when 29 is divided by 10/(j - (2 + 0))?
9
Let t(u) = u**3 - 2*u**2 - 2*u + 4. What is the remainder when t(4) is divided by 15?
13
Let p = 3 + 0. Suppose 0 = -4*g + h + 215, -g - 4*h = p*g - 240. Calculate the remainder when g is divided by 19.
17
Let i(n) = 5*n**2 + 2*n + 1. Let r be i(-1). Let h(p) = 12*p**2. Let o be h(-1). Let l = o + r. Calculate the remainder when l is divided by 6.
4
Let x(d) = 3*d. Let b be x(1). Suppose -5*v - j = -28, 0 = -b*v + 2*v + 2*j - 1. Let f(t) = t**2. What is the remainder when f(-3) is divided by v?
4
Let a(p) = p - 2. Let i be a(4). Suppose 0 = 4*h - 4*g - 48, -3*h + i*g = -6 - 34. Calculate the remainder when 31 is divided by h.
15
Let l(q) be the second derivative of -q**5/20 + 3*q**4/4 - 5*q**3/6 + 6*q**2 - 5*q. Let g be l(8). Let x = g - 6. What is the remainder when x is divided by 16?
14
Let z be 7/(-2) + 2/4. Suppose 0 = -0*r - 5*r + 10. What is the remainder when (-45)/(-6)*(-2)/z is divided by r?
1
Suppose -14*t + 1140 = -2*t. Let s be ((-1)/(-2)*0)/1. Suppose t = -s*h + 5*h. Calculate the remainder when h is divided by 10.
9
Let p(d) = -d**3 - d. Let w(l) = -l**3 - 14*l**2 + 36*l + 67. What is the remainder when p(-2) is divided by w(-16)?
1
Suppose 2*a + 0*a = 22. Suppose 2*d - 4*d = -82. What is the remainder when d is divided by a?
8
What is the remainder when 7 is divided by 4 - 6/2 - -5 - 0?
1
Let h be (-16)/(-7) + (-16)/56. Suppose -h*r = -5 - 51. What is the remainder when r is divided by 6?
4
What is the remainder when 27 is divided by (-4 + 6)/((-2)/(-15))?
12
Suppose q = 1 + 5. Let k be (0/(-1))/(5 - 3). Let x = k + q. Calculate the remainder when 21 is divided by x.
3
Let p be ((-6)/(-9) + 1)*3. Let d(r) = 2*r**2 - r - 6. Suppose -4*k - 2*t + 84 = -0*t, -5*k + 102 = t. Calculate the remainder when d(p) is divided by k.
19
Let s(t) = -t**3 + t**2 - t + 9. Let h be s(0). Let b = 19 + h. Calculate the remainder when b is divided by 15.
13
Let n = 25 - 13. Calculate the remainder when n is divided by 2.
0
Suppose -j = -34 + 9. Calculate the remainder when j is divided by 4/2*27/6.
7
Let s = 7 - 5. Suppose 5*x = t + x - 13, s*t - 4*x - 14 = 0. What is the remainder when 7 is divided by 2 + (-1 - (-3)/t)?
3
Let b = -3 - -7. Suppose -l - 2*l = -21. Calculate the remainder when l is divided by b.
3
Let b(j) = -4 - 13*j + 5*j + 2. Let o be b(-4). Let i = o - 10. What is the remainder when i is divided by 11?
9
Let p = 112 - 61. Calculate the remainder when p is divided by 19.
13
What is the remainder when 13 + (0 - (-4)/(-4)) is divided by 7?
5
Let u(x) = -x**3 - 3*x**2 + 6*x + 1. Let j be u(-4). Let m(l) = l + 7. Let v be m(j). Suppose -104 = -v*o - 4*o. What is the remainder when o is divided by 14?
12
Let t(g) be the first derivative of -g**4/4 - 2*g**3/3 + 5*g**2/2 - 7*g + 5. What is the remainder when t(-5) is divided by 22?
21
Let a be (-34)/(-9) + (-2)/(-9). Suppose 0 = a*h - 0*l - l - 15, 0 = 2*l - 2. Suppose 0 = h*r - 35 + 11. Calculate the remainder when r is divided by 4.
2
Suppose 2*x + 3 = -3*l + 5*x, x + 11 = 5*l. Calculate the remainder when 7 is divided by l.
1
Suppose 0 = -3*z - 5*z + 200. What is the remainder when 67 is divided by z?
17
Suppose 4*z - 92 = -2*a, -z - 6*a = -2*a - 37. Calculate the remainder when 18 is divided by (15/z)/((-4)/(-28)).
3
Let p(d) = -20*d**3 - d**2 - 3*d - 1. Calculate the remainder when 123 is divided by p(-1).
18
Suppose -36 = 20*v - 32*v. Suppose 3*m + 0*m = 3. What is the remainder when v is divided by m?
0
Calculate the remainder when 10 is divided by (2 - -5 - 2) + 1.
4
Suppose 0 = 5*m - 3*n + 1 - 90, 3*m = -4*n + 36. What is the remainder when 47 is divided by m?
15
Calculate the remainder when (150/12*-3)/(2/(-4)) is divided by 11.
9
Let u(g) = 17*g**2 + 2*g + 1. Calculate the remainder when u(-1) is divided by 6.
4
Let m(a) = a + 8. Let f be m(-6). Suppose -6*u + f*u = -40. What is the remainder when 19 is divided by u?
9
Suppose b - 2*h - 4 = 0, -5*h = -3*h. Calculate the remainder when 2*10*1/4 is divided by (-1)/(b/36*-3).
2
Suppose 2*c - q = 2*q + 41, 3*c = -q + 45. What is the remainder when c is divided by 9?
7
Let q = -82 - -88. Calculate the remainder when 77 is divided by q.
5
Let o(h) = -h**3 + 7*h**2 - 3*h - 7. Suppose 2*s + 4*m + 28 = 6*s, 0 = 4*s + m - 23. What is the remainder when 32 is divided by o(s)?
10
Let b = -3 + 12. Calculate the remainder when 2/b + 590/18 is divided by 17.
16
Suppose 2*t - 50 = -2*u, 0 = t - 4*t - 2*u + 76. What is the remainder when 103 is divided by t?
25
Suppose -6*r + 2 = -7*r + 2*x, -5*r + 8 = -4*x. Suppose 12 + 4 = -j + r*s, 3*j - 2 = 2*s. What is the remainder when j is divided by 3?
1
What is the remainder when 92 is divided by 31*(3 + -2) + (-2)/(-2)?
28
Let j = -18 - -61. Suppose j - 4 = 3*h. Let s = h - 3. What is the remainder when 29 is divided by s?
9
What is the remainder when 92 is divided by -8 + 12 - (-29 - -2)?
30
Let y(f) = -f**3 - 18*f**2 - 19*f - 12. Suppose 3*j = -3*q - 6 + 189, 4*j + 16 = 0. Calculate the remainder when q is divided by y(-17).
21
Suppose 2*j + 3*j - 3*p = 96, -5*p = 5*j - 80. What is the remainder when 41 is divided by j?
5
Let b = -7 - -12. Calculate the remainder when 35/4 + (-5)/(-20) is divided by b.
4
Let i be 1 + 3 + 4/(-2). Suppose 5*y = -5, i + 2 = -2*n - 4*y. Suppose 16 = a - x, -2*x + 88 = 4*a - n*x. What is the remainder when a is divided by 11?
9
Suppose 2*q = 6*q + 3*l, 4*q + 28 = 4*l. What is the remainder when 1/(-2)*(-15 + q) is divided by 3?
0
Suppose -a - 11 = -4*f, -4*f + 7*f = -5*a - 9. Let h be (-9)/(-36) + (-19)/(-4). Suppose 7*b - 2 = h*b. What is the remainder when f is divided by b?
0
Suppose 5*z + 4*x - 83 = 120, 0 = z + 2*x - 37. Calculate the remainder when z is divided by 17.
9
Suppose 3*p - 70 - 29 = 0. Let a = 1 + -2. Calculate the remainder when p is divided by a/(-2) - 33/(-2).
16
Suppose 0 = 2*g - 6*g - 5*c + 193, 4*c = 20. What is the remainder when g is divided by 15?
12
Let g = -86 + 87. What is the remainder when 1 is divided by g?
0
Let x = -274 + 395. What is the remainder when x is divided by 31?
28
Suppose 0 = 3*d - 2*p + 11, -d = -2*p + 12 - 3. Calculate the remainder when 86 is divided by 6 - (d - -3) - -25.
28
Suppose -3*t = -d - 125, -2*t - 8 + 102 = 2*d. What is the remainder when t is divided by 17?
9
Let p = 15 + -10. Calculate the remainder when p is divided by 2.
1
Suppose 10 = 2*d + 3*d. Suppose 4*g - 22 = -d. Suppose g*j + 94 = 4*a, 3*j + 20 = 3*a - 2*a. What is the remainder when a is divided by 9?
8
Suppose 5*t - 2*a - 166 = -0*t, -4*a = -5*t + 162. What is the remainder when 67 is divided by t?
33
Let j(w) = -w**2 + 6*w - 5. Let p be j(4). Suppose -4*h = -8 - 4. Suppose 4*g - h*a = 49 + 42, p*g - 5*a = 82. Calculate the remainder when 55 is divided by g.
17
Let c(g) be the first derivative of -g**4/4 - 2*g**3/3 + 5*g**2/2 + 4*g + 3. Calculate the remainder when 46 is divided by c(-4).
14
Let i = -16 + 47. Calculate the remainder when i is divided by 18.
13
Suppose -8*u + 3*u - 5 = 0. Calculate the remainder when 32 + (1 - u - 3) is divided by 8.
7
Let p(j) = -j + 4. Let r be p(8). What is the remainder when 44 is divided by 8/32 + (-91)/r?
21
Suppose 2*i - 5*i + 29 = -f, -5*i + f = -45. Calculate the remainder when 47 is divided by i.
7
Suppose 0*u - 3*x = 3*u - 141, 0 = 3*u - 2*x - 166. What is the remainder when u is divided by 7?
3
Let t = -9 + 10. What is the remainder when 28 is divided by -20*(9/(-6) + t)?
8
Let o(h) = -h + 1. Suppose -1 = -m, 2*l - m = -0*m + 19. Calculate the remainder when l is divided by o(-5).
4
Let r(h) = 2*h**2 - 2*h - 30. Calculate the remainder when 46 is divided by r(-4).
6
Suppose 0 = 2*y - 4*r - 58 - 2, -y - 3*r + 45 = 0. Calculate the remainder when y is divided by 20.
16
Let g = -55 + 79. Calculate the remainder when g is divided by 14.
10
Calculate the remainder when 58 is divided by (-94)/(-6) - (-14)/(-21).
13
Suppose 0 = p - 74 + 20. Calculate the remainder when p is divided by 19.
16
Suppose 0*b + 9 = 3*b. Suppose 2*w + b*w - 95 = 0. Calculate the remainder when 9/4*(-16)/(-1) is divided by w.
17
Suppose -5*r + 3*u + 1 = 0, 